{"id":403,"date":"2019-05-29T15:54:40","date_gmt":"2019-05-29T13:54:40","guid":{"rendered":"http:\/\/www.dragacevac.rs\/servis\/?page_id=403"},"modified":"2020-11-10T11:09:47","modified_gmt":"2020-11-10T10:09:47","slug":"limarija-i-farbanje-vozila","status":"publish","type":"page","link":"https:\/\/www.dragacevac.rs\/servis\/limarija-i-farbanje-vozila\/","title":{"rendered":"Limarija i farbanje vozila"},"content":{"rendered":"\t\t<div data-elementor-type=\"wp-post\" data-elementor-id=\"403\" class=\"elementor elementor-403\" data-elementor-post-type=\"page\">\n\t\t\t\t\t\t<section class=\"elementor-section elementor-top-section elementor-element elementor-element-4c49188 elementor-section-content-middle elementor-section-boxed elementor-section-height-default elementor-section-height-default\" data-id=\"4c49188\" data-element_type=\"section\" data-e-type=\"section\">\n\t\t\t\t\t\t<div class=\"elementor-container elementor-column-gap-default\">\n\t\t\t\t\t<div class=\"elementor-column elementor-col-50 elementor-top-column elementor-element elementor-element-858344f\" data-id=\"858344f\" data-element_type=\"column\" data-e-type=\"column\">\n\t\t\t<div class=\"elementor-widget-wrap elementor-element-populated\">\n\t\t\t\t\t\t<div class=\"elementor-element elementor-element-d329cc3 elementor-widget elementor-widget-heading\" data-id=\"d329cc3\" data-element_type=\"widget\" data-e-type=\"widget\" data-widget_type=\"heading.default\">\n\t\t\t\t<div class=\"elementor-widget-container\">\n\t\t\t\t\t<h2 class=\"elementor-heading-title elementor-size-default\">Ispeglaj, ofarbaj\n<br>za\u0161titi da bude kao nov<\/h2>\t\t\t\t<\/div>\n\t\t\t\t<\/div>\n\t\t\t\t<div class=\"elementor-element elementor-element-9971999 elementor-widget elementor-widget-text-editor\" data-id=\"9971999\" data-element_type=\"widget\" data-e-type=\"widget\" data-widget_type=\"text-editor.default\">\n\t\t\t\t<div class=\"elementor-widget-container\">\n\t\t\t\t\t\t\t\t\t<p>Specijalizovani smo za auto limarske i farbarske usluge i saniranje svih havarija na vozilu.<\/p>\t\t\t\t\t\t\t\t<\/div>\n\t\t\t\t<\/div>\n\t\t\t\t<div class=\"elementor-element elementor-element-dee2652 elementor-align-left elementor-mobile-align-center elementor-widget elementor-widget-button\" data-id=\"dee2652\" data-element_type=\"widget\" data-e-type=\"widget\" data-widget_type=\"button.default\">\n\t\t\t\t<div class=\"elementor-widget-container\">\n\t\t\t\t\t\t\t\t\t<div class=\"elementor-button-wrapper\">\n\t\t\t\t\t<a class=\"elementor-button elementor-button-link elementor-size-md\" href=\"http:\/\/www.dragacevac.rs\/servis\/upit\/\">\n\t\t\t\t\t\t<span class=\"elementor-button-content-wrapper\">\n\t\t\t\t\t\t<span class=\"elementor-button-icon\">\n\t\t\t\t\t\t\t\t\t<i class=\"fa fa-long-arrow-right\" aria-hidden=\"true\"><\/i>\n\t\t\t\t\t\t\t<\/span>\n\t\t\t\t\t\t\t\t\t<span class=\"elementor-button-text\">Zaka\u017eite svoj termin<\/span>\n\t\t\t\t\t<\/span>\n\t\t\t\t\t<\/a>\n\t\t\t\t<\/div>\n\t\t\t\t\t\t\t\t<\/div>\n\t\t\t\t<\/div>\n\t\t\t\t\t<\/div>\n\t\t<\/div>\n\t\t\t\t<div class=\"elementor-column elementor-col-50 elementor-top-column elementor-element elementor-element-7b6b2e7\" data-id=\"7b6b2e7\" data-element_type=\"column\" data-e-type=\"column\">\n\t\t\t<div class=\"elementor-widget-wrap elementor-element-populated\">\n\t\t\t\t\t\t<div class=\"elementor-element elementor-element-8105ba4 elementor-widget elementor-widget-image\" data-id=\"8105ba4\" data-element_type=\"widget\" data-e-type=\"widget\" data-widget_type=\"image.default\">\n\t\t\t\t<div class=\"elementor-widget-container\">\n\t\t\t\t\t\t\t\t\t\t\t\t\t\t\t<img fetchpriority=\"high\" decoding=\"async\" width=\"650\" height=\"659\" src=\"https:\/\/www.dragacevac.rs\/servis\/wp-content\/uploads\/2019\/06\/farbanje.jpg\" class=\"attachment-large size-large wp-image-750\" alt=\"\" srcset=\"https:\/\/www.dragacevac.rs\/servis\/wp-content\/uploads\/2019\/06\/farbanje.jpg 650w, https:\/\/www.dragacevac.rs\/servis\/wp-content\/uploads\/2019\/06\/farbanje-296x300.jpg 296w\" sizes=\"(max-width: 650px) 100vw, 650px\" \/>\t\t\t\t\t\t\t\t\t\t\t\t\t\t\t<\/div>\n\t\t\t\t<\/div>\n\t\t\t\t\t<\/div>\n\t\t<\/div>\n\t\t\t\t\t<\/div>\n\t\t<\/section>\n\t\t\t\t<section class=\"elementor-section elementor-top-section elementor-element elementor-element-c02d3e1 elementor-section-boxed elementor-section-height-default elementor-section-height-default\" data-id=\"c02d3e1\" data-element_type=\"section\" data-e-type=\"section\">\n\t\t\t\t\t\t<div class=\"elementor-container elementor-column-gap-default\">\n\t\t\t\t\t<div class=\"elementor-column elementor-col-100 elementor-top-column elementor-element elementor-element-ec0938c\" data-id=\"ec0938c\" data-element_type=\"column\" data-e-type=\"column\">\n\t\t\t<div class=\"elementor-widget-wrap elementor-element-populated\">\n\t\t\t\t\t\t<section class=\"elementor-section elementor-inner-section elementor-element elementor-element-a72ee91 elementor-section-boxed elementor-section-height-default elementor-section-height-default\" data-id=\"a72ee91\" data-element_type=\"section\" data-e-type=\"section\">\n\t\t\t\t\t\t<div class=\"elementor-container elementor-column-gap-default\">\n\t\t\t\t\t<div class=\"elementor-column elementor-col-50 elementor-inner-column elementor-element elementor-element-5b55ce2\" data-id=\"5b55ce2\" data-element_type=\"column\" data-e-type=\"column\">\n\t\t\t<div class=\"elementor-widget-wrap elementor-element-populated\">\n\t\t\t\t\t\t<div class=\"elementor-element elementor-element-f694a41 elementor-widget elementor-widget-text-editor\" data-id=\"f694a41\" data-element_type=\"widget\" data-e-type=\"widget\" data-widget_type=\"text-editor.default\">\n\t\t\t\t<div class=\"elementor-widget-container\">\n\t\t\t\t\t\t\t\t\t<p>Auto lakiranje<\/p>\t\t\t\t\t\t\t\t<\/div>\n\t\t\t\t<\/div>\n\t\t\t\t<div class=\"elementor-element elementor-element-3904952 elementor-widget elementor-widget-text-editor\" data-id=\"3904952\" data-element_type=\"widget\" data-e-type=\"widget\" data-widget_type=\"text-editor.default\">\n\t\t\t\t<div class=\"elementor-widget-container\">\n\t\t\t\t\t\t\t\t\t<p>Mercedes-Benz i MAN program su poznati po najboljoj limariji i kvalitetu farbe koja senanosi u fabri\u010dkoj proizvodnji. U sklopu servisnih usluga koje nudimo spada i autolimarske i farbarske usluge za ta dva proizvo\u0111a\u010da svih modela vozila.<\/p><p><span style=\"font-size: 17px;\"><b>Popravka malih o\u0161te\u0107enja\u00a0<\/b><\/span><\/p><p><span style=\"font-size: 17px;\">Popravke se vr\u0161e ispravljanjem oblika o\u0161tec\u0301enih delova. Ako je o\u0161tec\u0301enje manje, kao \u0161to je udubljenje nastalo kamenom, \u0161ljunkom ili grebanjem, radimo ispravke na delu koji je o\u0161te\u0107en sa finalnom obradom koja se u potpunosti uklapa u ostatak limarije. Tako\u0111e popravljamo i poliramo farove, vrac\u0301ajuc\u0301i njihove fabri\u010dke performanse.<\/span><\/p><p><span style=\"font-size: 17px;\"><b>Popravka velikih o\u0161te\u0107enaj<\/b><\/span><\/p><p>Pri velikim o\u0161tec\u0301enjima, obi\u010dno se menjaju o\u0161te\u0107eni delovi sa novim ili kori\u0161\u0107enim (u zavisnosti od \u017eelje kupca). U svakom slu\u010daju servis \u0107e uraditi sve neophodno da bi se delovi popravili ukoliko je to mogu\u0107e, ali da pri tom ni u jednom trenutku ne bude u\u010dinjeno na \u0161tetu sigurnosti vozila.<\/p><p><b>Kada je potrebno uraditi auto farbarski servis?<\/b><\/p><p>Farbanje delova vozila ili cele karoserije je potrebno uraditi posle popravke ili izmene limarije na o\u0161te\u0107enom vozilu. Sam proces farbanja automobila je veoma kompleksan jer se neki delovi moraju skidati sa karoserije kako bi se ofarbali a drugi se opet moraju dobro za\u0161tititi posebniom folijama da farba ne bi zahvatila ne\u0161to mimo dela koji se obra\u0111uje.<\/p><p>Deo koji se farba mora biti pre farbanja izravnjan od udubljenja koja su nastala o\u0161te\u0107enjem, tako\u0111e mora biti uklonjen stari sloj boje a zatim se kod novog dela nanosi baza a nakon njenog su\u0161enja i poliranja, nanosi se prvi sloj ili temeljna farba.<br \/>Posle su\u0161enja i poliranja temeljne farbe nanosi se lak koji opet nakon su\u0161enja poliramo. Boje koje se nanose na vozilo moraju biti kako je proizvo\u0111a\u010d predvideo i u tom smislu pru\u017eamo visokokvalitetne farbarske usluge znanjem i alatima bez ikakvih ne\u017eeljenih efekata sa ta\u010dnim odabirom boje i materijala.<\/p>\t\t\t\t\t\t\t\t<\/div>\n\t\t\t\t<\/div>\n\t\t\t\t<div class=\"elementor-element elementor-element-006bd6a elementor-widget elementor-widget-text-editor\" data-id=\"006bd6a\" data-element_type=\"widget\" data-e-type=\"widget\" data-widget_type=\"text-editor.default\">\n\t\t\t\t<div class=\"elementor-widget-container\">\n\t\t\t\t\t\t\t\t\t<p>Auto limarija<\/p>\t\t\t\t\t\t\t\t<\/div>\n\t\t\t\t<\/div>\n\t\t\t\t<div class=\"elementor-element elementor-element-6975493 elementor-widget elementor-widget-text-editor\" data-id=\"6975493\" data-element_type=\"widget\" data-e-type=\"widget\" data-widget_type=\"text-editor.default\">\n\t\t\t\t<div class=\"elementor-widget-container\">\n\t\t\t\t\t\t\t\t\t<p>Vozilo je li\u010dna stvar i sigurno je da niko ne \u017eeli da upravlja vozilom koje je havarisano ili korodiralo. Uostalom, to ne dozvoljava ni zakon vi\u0161e. U sklopu na\u0161eg servisniog centra nudimo kompletnu autolimarsku uslugu bez obzira na vrstu i obim o\u0161te\u0107enja.<br \/>Vr\u0161imo autolimarske radove na svim vrstama vozila iz Mercedes-bemz i MAN programa. Bez obzira o kom se vozilu radi, na\u0161 centar \u0107e uraditi sve radnje profesionalno i kvalitetno.<\/p><p>Kada su u pitanju te\u017ee havarije ili lomovi karoserije, u mogu\u0107nosti smo da radimo izvla\u010denje deformisanih delova i dovo\u0111enjem istih na fabri\u010dke mere. Kod malih havarija radimo kompletan program, a tako\u0111e radimo i nabavku novih delova ukoliko to \u017eeli kupac. U sklopu lak\u0161ih havarija spada i reparacija plasti\u010dnih branika. U slu\u010daju da ne postoje delovi na tr\u017ei\u0161tu, u mogu\u0107nosti smo da radimo i izradu delova na posebnim ma\u0161inama koje rade ravno savijanje lima kao i kru\u017ene i ovalne delove, ali i ma\u0161ine za peglanje lima.<\/p>\t\t\t\t\t\t\t\t<\/div>\n\t\t\t\t<\/div>\n\t\t\t\t<div class=\"elementor-element elementor-element-942cbcd elementor-widget elementor-widget-text-editor\" data-id=\"942cbcd\" data-element_type=\"widget\" data-e-type=\"widget\" data-widget_type=\"text-editor.default\">\n\t\t\t\t<div class=\"elementor-widget-container\">\n\t\t\t\t\t\t\t\t\t<p>Zamensko vozilo<\/p>\t\t\t\t\t\t\t\t<\/div>\n\t\t\t\t<\/div>\n\t\t\t\t<div class=\"elementor-element elementor-element-800c97b elementor-widget elementor-widget-text-editor\" data-id=\"800c97b\" data-element_type=\"widget\" data-e-type=\"widget\" data-widget_type=\"text-editor.default\">\n\t\t\t\t<div class=\"elementor-widget-container\">\n\t\t\t\t\t\t\t\t\t<p>Velika pogodnost za na\u0161e korisnike, privatne ili poslovne vlasnike vozila, je mogu\u0107nost kori\u0161tenja zaenskog vozila za vreme trajanja servisa. U mogu\u0107nosti smo da Vam dostavimo zamensko vozilo na mesto kvara ili sudara, tako da mo\u017eete nastaviti svoje putovanje \u0161to je pre mogu\u0107e.<\/p>\t\t\t\t\t\t\t\t<\/div>\n\t\t\t\t<\/div>\n\t\t\t\t<div class=\"elementor-element elementor-element-9dd66c6 elementor-widget elementor-widget-spacer\" data-id=\"9dd66c6\" data-element_type=\"widget\" data-e-type=\"widget\" data-widget_type=\"spacer.default\">\n\t\t\t\t<div class=\"elementor-widget-container\">\n\t\t\t\t\t\t\t<div class=\"elementor-spacer\">\n\t\t\t<div class=\"elementor-spacer-inner\"><\/div>\n\t\t<\/div>\n\t\t\t\t\t\t<\/div>\n\t\t\t\t<\/div>\n\t\t\t\t<div class=\"elementor-element elementor-element-1450181 elementor-widget-divider--view-line elementor-widget elementor-widget-divider\" data-id=\"1450181\" data-element_type=\"widget\" data-e-type=\"widget\" data-widget_type=\"divider.default\">\n\t\t\t\t<div class=\"elementor-widget-container\">\n\t\t\t\t\t\t\t<div class=\"elementor-divider\">\n\t\t\t<span class=\"elementor-divider-separator\">\n\t\t\t\t\t\t<\/span>\n\t\t<\/div>\n\t\t\t\t\t\t<\/div>\n\t\t\t\t<\/div>\n\t\t\t\t<div class=\"elementor-element elementor-element-7fc4a54 elementor-widget elementor-widget-spacer\" data-id=\"7fc4a54\" data-element_type=\"widget\" data-e-type=\"widget\" data-widget_type=\"spacer.default\">\n\t\t\t\t<div class=\"elementor-widget-container\">\n\t\t\t\t\t\t\t<div class=\"elementor-spacer\">\n\t\t\t<div class=\"elementor-spacer-inner\"><\/div>\n\t\t<\/div>\n\t\t\t\t\t\t<\/div>\n\t\t\t\t<\/div>\n\t\t\t\t\t<\/div>\n\t\t<\/div>\n\t\t\t\t<div class=\"elementor-column elementor-col-50 elementor-inner-column elementor-element elementor-element-9cffc85\" data-id=\"9cffc85\" data-element_type=\"column\" data-e-type=\"column\" data-settings=\"{&quot;background_background&quot;:&quot;classic&quot;}\">\n\t\t\t<div class=\"elementor-widget-wrap elementor-element-populated\">\n\t\t\t\t\t\t<div class=\"elementor-element elementor-element-7ff83b3 elementor-widget elementor-widget-heading\" data-id=\"7ff83b3\" data-element_type=\"widget\" data-e-type=\"widget\" data-widget_type=\"heading.default\">\n\t\t\t\t<div class=\"elementor-widget-container\">\n\t\t\t\t\t<h2 class=\"elementor-heading-title elementor-size-default\">Auto limarski i farbarski radovi<\/h2>\t\t\t\t<\/div>\n\t\t\t\t<\/div>\n\t\t\t\t<div class=\"elementor-element elementor-element-e5e6b62 elementor-button-align-stretch elementor-widget elementor-widget-form\" data-id=\"e5e6b62\" data-element_type=\"widget\" data-e-type=\"widget\" data-settings=\"{&quot;step_next_label&quot;:&quot;Next&quot;,&quot;step_previous_label&quot;:&quot;Previous&quot;,&quot;button_width&quot;:&quot;100&quot;,&quot;step_type&quot;:&quot;number_text&quot;,&quot;step_icon_shape&quot;:&quot;circle&quot;}\" data-widget_type=\"form.default\">\n\t\t\t\t<div class=\"elementor-widget-container\">\n\t\t\t\t\t\t\t<form class=\"elementor-form\" method=\"post\" id=\"servisni_upit_1\" name=\"Servisni upit\" aria-label=\"Servisni upit\">\n\t\t\t<input type=\"hidden\" name=\"post_id\" value=\"403\"\/>\n\t\t\t<input type=\"hidden\" name=\"form_id\" value=\"e5e6b62\"\/>\n\t\t\t<input type=\"hidden\" name=\"referer_title\" value=\"Limarija i farbanje vozila \u00bb Draga\u010devac doo - Servis Mercedes i MAN vozila\" \/>\n\n\t\t\t\t\t\t\t<input type=\"hidden\" name=\"queried_id\" value=\"403\"\/>\n\t\t\t\n\t\t\t<div class=\"elementor-form-fields-wrapper elementor-labels-\">\n\t\t\t\t\t\t\t\t<div class=\"elementor-field-type-text elementor-field-group elementor-column elementor-field-group-field_1 elementor-col-100 elementor-field-required\">\n\t\t\t\t\t\t\t\t\t\t\t\t<label for=\"form-field-field_1\" class=\"elementor-field-label elementor-screen-only\">\n\t\t\t\t\t\t\t\tIme i prezime\t\t\t\t\t\t\t<\/label>\n\t\t\t\t\t\t\t\t\t\t\t\t\t\t<input size=\"1\" type=\"text\" name=\"form_fields[field_1]\" id=\"form-field-field_1\" class=\"elementor-field elementor-size-sm  elementor-field-textual\" placeholder=\"Ime i prezime\" required=\"required\">\n\t\t\t\t\t\t\t\t\t\t\t<\/div>\n\t\t\t\t\t\t\t\t<div class=\"elementor-field-type-email elementor-field-group elementor-column elementor-field-group-field_2 elementor-col-100 elementor-field-required\">\n\t\t\t\t\t\t\t\t\t\t\t\t<label for=\"form-field-field_2\" class=\"elementor-field-label elementor-screen-only\">\n\t\t\t\t\t\t\t\tEmail\t\t\t\t\t\t\t<\/label>\n\t\t\t\t\t\t\t\t\t\t\t\t\t\t<input size=\"1\" type=\"email\" name=\"form_fields[field_2]\" id=\"form-field-field_2\" class=\"elementor-field elementor-size-sm  elementor-field-textual\" placeholder=\"Email\" required=\"required\">\n\t\t\t\t\t\t\t\t\t\t\t<\/div>\n\t\t\t\t\t\t\t\t<div class=\"elementor-field-type-text elementor-field-group elementor-column elementor-field-group-field_3 elementor-col-100\">\n\t\t\t\t\t\t\t\t\t\t\t\t<label for=\"form-field-field_3\" class=\"elementor-field-label elementor-screen-only\">\n\t\t\t\t\t\t\t\tFirma\t\t\t\t\t\t\t<\/label>\n\t\t\t\t\t\t\t\t\t\t\t\t\t\t<input size=\"1\" type=\"text\" name=\"form_fields[field_3]\" id=\"form-field-field_3\" class=\"elementor-field elementor-size-sm  elementor-field-textual\" placeholder=\"Firma\">\n\t\t\t\t\t\t\t\t\t\t\t<\/div>\n\t\t\t\t\t\t\t\t<div class=\"elementor-field-type-textarea elementor-field-group elementor-column elementor-field-group-field_4 elementor-col-100 elementor-field-required\">\n\t\t\t\t\t\t\t\t\t\t\t\t<label for=\"form-field-field_4\" class=\"elementor-field-label elementor-screen-only\">\n\t\t\t\t\t\t\t\tUnesite va\u0161 upit.\t\t\t\t\t\t\t<\/label>\n\t\t\t\t\t\t<textarea class=\"elementor-field-textual elementor-field  elementor-size-sm\" name=\"form_fields[field_4]\" id=\"form-field-field_4\" rows=\"4\" placeholder=\"Unesite va\u0161 upit.\" required=\"required\"><\/textarea>\t\t\t\t<\/div>\n\t\t\t\t\t\t\t\t<div class=\"elementor-field-type-recaptcha elementor-field-group elementor-column elementor-field-group-field_5 elementor-col-100\">\n\t\t\t\t\t<div class=\"elementor-field\" id=\"form-field-field_5\"><div class=\"elementor-g-recaptcha\" data-sitekey=\"6Ldy7KYUAAAAANouuKTljQdtgrNZ0RkO2cMRZmF0\" data-type=\"v2_checkbox\" data-theme=\"light\" data-size=\"compact\"><\/div><\/div>\t\t\t\t<\/div>\n\t\t\t\t\t\t\t\t<div class=\"elementor-field-group elementor-column elementor-field-type-submit elementor-col-100 e-form__buttons\">\n\t\t\t\t\t<button class=\"elementor-button elementor-size-sm\" type=\"submit\" id=\"field_5\">\n\t\t\t\t\t\t<span class=\"elementor-button-content-wrapper\">\n\t\t\t\t\t\t\t\t\t\t\t\t\t\t\t<span class=\"elementor-button-icon\">\n\t\t\t\t\t\t\t\t\t<i class=\"fa fa-chevron-right\" aria-hidden=\"true\"><\/i>\t\t\t\t\t\t\t\t\t\t\t\t\t\t\t\t\t<\/span>\n\t\t\t\t\t\t\t\t\t\t\t\t\t\t\t\t\t\t\t\t\t\t<span class=\"elementor-button-text\">Po\u0161alji upit<\/span>\n\t\t\t\t\t\t\t\t\t\t\t\t\t<\/span>\n\t\t\t\t\t<\/button>\n\t\t\t\t<\/div>\n\t\t\t<\/div>\n\t\t<\/form>\n\t\t\t\t\t\t<\/div>\n\t\t\t\t<\/div>\n\t\t\t\t<div class=\"elementor-element elementor-element-1a5f9a3 elementor-widget elementor-widget-text-editor\" data-id=\"1a5f9a3\" data-element_type=\"widget\" data-e-type=\"widget\" data-widget_type=\"text-editor.default\">\n\t\t\t\t<div class=\"elementor-widget-container\">\n\t\t\t\t\t\t\t\t\t<p><b>1. Farbanje vozila<\/b><\/p><ul><li>Farbanje celog vozila<\/li><li>Farbanje krova na vozilu<\/li><li>Farbanje haube<\/li><li>Farbanje vrata gepeka<\/li><li>Farbanje pragova<\/li><li>Farbanje prednjeg blatobrana<\/li><li>Farbanje prednjeg branika<\/li><li>Farbanje prednjeg dela \u0161asije<\/li><li>Farbanje prednjeg veznog lima<\/li><li>Farbanje prednjih bo\u010dnih vrata<\/li><li>Farbanje retrovizora<\/li><li>Farbanje zadnjeg blatobrana<\/li><li>Farbanje zadnjeg branika<\/li><li>Farbanje zadnjeg dela \u0161asije<\/li><li>Farbanje zadnjeg veznog lima<\/li><li>Farbanje zadnjih bo\u010dnih vrata<\/li><\/ul><p><b>2. Popravka karoserije<\/b><\/p><ul><li>Popravka blatobrana<\/li><li>Popravka branika<\/li><li>Popravka krova<\/li><li>Popravka poklopca motora (haube)<\/li><li>Popravka pragova<\/li><li>Popravka prednjih bo\u010dnih vrata<\/li><li>Popravka zadnjeg dela \u0161asije<\/li><li>Popravka zadnjeg veznog lima<\/li><li>Popravka zadnjih bo\u010dnih vrata<\/li><li>Popravka veznog lima<\/li><li>Popravka vrata gepeka<\/li><li>Ravnanje prednjeg dela \u0161asije<\/li><\/ul><p><b>3. Zamena karoserije<\/b><\/p><ul><li>Zamena blatobrana<\/li><li>Zamena bo\u010dnog retrovizora<\/li><li>Zamena branika<\/li><li>Zamena fara<\/li><li>Zamena haube (poklopac motora)<\/li><li>Zamena krova automobila<\/li><li>Zamena pragova<\/li><li>Zamena prednjeg dela \u0161asije<\/li><li>Zamena prednjih bo\u010dnih vrata<\/li><li>Zamena \u0161top svetla<\/li><li>Zamena zadnjeg dela \u0161asije<\/li><li>Zamena zadnjeg veznog lima<\/li><li>Zamena zadnjeg bo\u010dnih vrata<\/li><li>Zamena zadnjih vrata (vrata gepeka)<\/li><li>Zamena unutara\u0161nje za\u0161tite blatobrana<\/li><li>Zamena veznog lima<\/li><li>Zamena za\u0161tite motora<\/li><li>Zamena \u017emigavca<\/li><\/ul><p>\u00a0<\/p>\t\t\t\t\t\t\t\t<\/div>\n\t\t\t\t<\/div>\n\t\t\t\t\t<\/div>\n\t\t<\/div>\n\t\t\t\t\t<\/div>\n\t\t<\/section>\n\t\t\t\t\t<\/div>\n\t\t<\/div>\n\t\t\t\t\t<\/div>\n\t\t<\/section>\n\t\t\t\t<\/div>\n\t\t","protected":false},"excerpt":{"rendered":"<p>Ispeglaj, ofarbaj za\u0161titi da bude kao nov Specijalizovani smo za auto limarske i farbarske usluge i saniranje svih havarija na vozilu. Zaka\u017eite svoj termin Auto lakiranje Mercedes-Benz i MAN program su poznati po najboljoj limariji i kvalitetu farbe koja senanosi u fabri\u010dkoj proizvodnji. U sklopu servisnih usluga koje nudimo spada i autolimarske i farbarske usluge [&hellip;]<\/p>\n","protected":false},"author":1,"featured_media":0,"parent":0,"menu_order":0,"comment_status":"closed","ping_status":"closed","template":"elementor_canvas","meta":{"footnotes":""},"class_list":["post-403","page","type-page","status-publish","hentry"],"aioseo_notices":[],"_links":{"self":[{"href":"https:\/\/www.dragacevac.rs\/servis\/wp-json\/wp\/v2\/pages\/403","targetHints":{"allow":["GET"]}}],"collection":[{"href":"https:\/\/www.dragacevac.rs\/servis\/wp-json\/wp\/v2\/pages"}],"about":[{"href":"https:\/\/www.dragacevac.rs\/servis\/wp-json\/wp\/v2\/types\/page"}],"author":[{"embeddable":true,"href":"https:\/\/www.dragacevac.rs\/servis\/wp-json\/wp\/v2\/users\/1"}],"replies":[{"embeddable":true,"href":"https:\/\/www.dragacevac.rs\/servis\/wp-json\/wp\/v2\/comments?post=403"}],"version-history":[{"count":16,"href":"https:\/\/www.dragacevac.rs\/servis\/wp-json\/wp\/v2\/pages\/403\/revisions"}],"predecessor-version":[{"id":1391,"href":"https:\/\/www.dragacevac.rs\/servis\/wp-json\/wp\/v2\/pages\/403\/revisions\/1391"}],"wp:attachment":[{"href":"https:\/\/www.dragacevac.rs\/servis\/wp-json\/wp\/v2\/media?parent=403"}],"curies":[{"name":"wp","href":"https:\/\/api.w.org\/{rel}","templated":true}]}}